{"id":306,"date":"2021-09-30T18:30:01","date_gmt":"2021-09-30T18:30:01","guid":{"rendered":"https:\/\/www.soniajordana.com\/?page_id=306"},"modified":"2021-09-30T18:42:04","modified_gmt":"2021-09-30T18:42:04","slug":"divulgation-scientifique","status":"publish","type":"page","link":"https:\/\/www.soniajordana.com\/fr\/divulgation-scientifique\/","title":{"rendered":"Divulgation scientifique"},"content":{"rendered":"<h2>Publications de divulgation<\/h2>\n<ul>\n<li class=\"listasincabecera\">G\u00f3mez-Jordana Ferary, Sonia (2020), \u201cA r\u00edo revuelto, ganancia de pescadores: refranes, historia y ciclos\u201d, <em>theconversation.com<\/em>, <a href=\"https:\/\/theconversation.com\/a-rio-revuelto-ganancia-de-pescadores-refranes-historia-y-ciclos-138201\" target=\"_blank\" rel=\"noopener\">https:\/\/theconversation.com\/a-rio-revuelto-ganancia-de-pescadores-refranes-historia-y-ciclos-138201<\/a><\/li>\n<li class=\"listasincabecera\">G\u00f3mez-Jordana Ferary, Sonia (2020), \u201cEl poder del refr\u00e1n ayer y hoy: Cuando las barbas de tu vecino veas pelar, echa las tuyas a remojar\u201d. <em>theconversation<\/em>, <a href=\"https:\/\/theconversation.com\/el-poder-del-refran-ayer-y-hoy-cuando-las-barbas-de-tu-vecino-veas-pelar-141020\" target=\"_blank\" rel=\"noopener\">https:\/\/theconversation.com\/el-poder-del-refran-ayer-y-hoy-cuando-las-barbas-de-tu-vecino-veas-pelar-141020<\/a>\/li&gt;<\/li>\n<li class=\"listasincabecera\">G\u00f3mez-Jordana Ferary, Sonia (2021), \u201cAl pan, pan y al vino, vino: \u00bfqu\u00e9 son las tautolog\u00edas?\u201d, <a href=\"https:\/\/theconversation.com\/al-pan-pan-y-al-vino-vino-que-son-las-tautologias-164457\" target=\"_blank\" rel=\"noopener\">https:\/\/theconversation.com\/al-pan-pan-y-al-vino-vino-que-son-las-tautologias-164457<\/a>\/li&gt;<\/li>\n<\/ul>\n<h2>Projets d\u2019innovation de l\u2019enseignement<\/h2>\n<ul>\n<li class=\"listasincabecera\"><strong>2018-19 &#8211;<\/strong> IP du Projet <em>Silencio se rueda en franc\u00e9s: escenas teatrales del franc\u00e9s medieval al franc\u00e9s del siglo XXI.<\/em> (Subvention UCM-Proyecto de innovaci\u00f3n docente et Ambassade fran\u00e7aise).<br \/>\nLe r\u00e9sultat peut \u00eatre visionn\u00e9 ici <a href=\"https:\/\/youtu.be\/UInBA7khckc\" target=\"_blank\" rel=\"noopener\">https:\/\/youtu.be\/UInBA7khckc<\/a>, et les courts-m\u00e9trages des \u00e9tudiants (20mn) peuvent \u00eatre visionn\u00e9s ici <a href=\"https:\/\/youtu.be\/n_sTQkA4elQ\" target=\"_blank\" rel=\"noopener\">https:\/\/youtu.be\/n_sTQkA4elQ<\/a>.<\/li>\n<li class=\"listasincabecera\"><strong>2011 &#8211;<\/strong> IP du Projet <em>El franc\u00e9s en 3D: cultura, lengua y escena<\/em>. <a href=\"https:\/\/www.youtube.com\/watch?v=N7XiBexdzM8\" target=\"_blank\" rel=\"noopener\">https:\/\/www.youtube.com\/watch?v=N7XiBexdzM8<\/a><\/li>\n<\/ul>\n<h2>Publications didactiques<\/h2>\n<ul>\n<li class=\"listasincabecera\">G\u00f3mez-Jordana Ferary, Sonia <strong>(2015)<\/strong>, <em>Entre nous<\/em>. (Manuel de fran\u00e7ais niveau A1-A2), Par\u00eds-Barcelona, Maison des langues. (Revision de l\u2019ensemble du manuel et \u00e9laboration des chapitres 1, 2, 7). ISBN: 978-84-8443-918-9<\/li>\n<li class=\"listasincabecera\">G\u00f3mez-Jordana Ferary, Sonia <strong>(2006)<\/strong>, \u00ab\u00a0Los determinantes en franc\u00e9s: sintaxis y sem\u00e1ntica\u00bb, en Amalia Rodr\u00edguez Somolinos (coord.), <em>Ling\u00fc\u00edstica francesa<\/em>, www.liceus.com (E-Excellence). pp. 1-7. ISBN: &#8211; 84-9822-522-1. <a href=\"https:\/\/www.liceus.com\/producto\/los-determinantes-en-frances-sintaxis-y-semantica\/\" target=\"_blank\" rel=\"noopener\">https:\/\/www.liceus.com\/producto\/los-determinantes-en-frances-sintaxis-y-semantica\/<\/a><\/li>\n<li class=\"listasincabecera\">G\u00f3mez-Jordana Ferary, Sonia <strong>(2005)<\/strong>, \u00abAn\u00e1lisis sem\u00e1ntico del proverbio: el caso del franc\u00e9s\u00bb, en Amalia Rodr\u00edguez Somolinos (coord.), <em>Ling\u00fc\u00edstica francesa<\/em>, www.liceus.com (E-Excellence). pp.1-20, ISBN 84-9822-143-9. <a href=\"https:\/\/www.liceus.com\/producto\/analisis-semantico-proverbio-caso-del-frances\/\" target=\"_blank\" rel=\"noopener\">https:\/\/www.liceus.com\/producto\/analisis-semantico-proverbio-caso-del-frances\/<\/a><\/li>\n<\/ul>\n","protected":false},"excerpt":{"rendered":"<p>Publications de divulgation G\u00f3mez-Jordana Ferary, Sonia (2020), \u201cA r\u00edo revuelto, ganancia de pescadores: refranes, historia y ciclos\u201d, theconversation.com, https:\/\/theconversation.com\/a-rio-revuelto-ganancia-de-pescadores-refranes-historia-y-ciclos-138201 G\u00f3mez-Jordana Ferary, Sonia (2020), \u201cEl poder del refr\u00e1n ayer y hoy: Cuando las barbas de tu vecino veas pelar, echa las tuyas a remojar\u201d. theconversation, https:\/\/theconversation.com\/el-poder-del-refran-ayer-y-hoy-cuando-las-barbas-de-tu-vecino-veas-pelar-141020\/li&gt; G\u00f3mez-Jordana Ferary, Sonia (2021), \u201cAl pan, pan y al vino, [&hellip;]<\/p>\n","protected":false},"author":1,"featured_media":0,"parent":0,"menu_order":0,"comment_status":"closed","ping_status":"closed","template":"page-templates\/full-width.php","meta":{"footnotes":""},"class_list":["post-306","page","type-page","status-publish","hentry"],"aioseo_notices":[],"_links":{"self":[{"href":"https:\/\/www.soniajordana.com\/fr\/wp-json\/wp\/v2\/pages\/306","targetHints":{"allow":["GET"]}}],"collection":[{"href":"https:\/\/www.soniajordana.com\/fr\/wp-json\/wp\/v2\/pages"}],"about":[{"href":"https:\/\/www.soniajordana.com\/fr\/wp-json\/wp\/v2\/types\/page"}],"author":[{"embeddable":true,"href":"https:\/\/www.soniajordana.com\/fr\/wp-json\/wp\/v2\/users\/1"}],"replies":[{"embeddable":true,"href":"https:\/\/www.soniajordana.com\/fr\/wp-json\/wp\/v2\/comments?post=306"}],"version-history":[{"count":3,"href":"https:\/\/www.soniajordana.com\/fr\/wp-json\/wp\/v2\/pages\/306\/revisions"}],"predecessor-version":[{"id":315,"href":"https:\/\/www.soniajordana.com\/fr\/wp-json\/wp\/v2\/pages\/306\/revisions\/315"}],"wp:attachment":[{"href":"https:\/\/www.soniajordana.com\/fr\/wp-json\/wp\/v2\/media?parent=306"}],"curies":[{"name":"wp","href":"https:\/\/api.w.org\/{rel}","templated":true}]}}

<h2>Publications de divulgation</h2>
<ul>
<li class="listasincabecera">Gómez-Jordana Ferary, Sonia (2020), “A río revuelto, ganancia de pescadores: refranes, historia y ciclos”, <em>theconversation.com</em>, <a href="https://theconversation.com/a-rio-revuelto-ganancia-de-pescadores-refranes-historia-y-ciclos-138201" target="_blank" rel="noopener">https://theconversation.com/a-rio-revuelto-ganancia-de-pescadores-refranes-historia-y-ciclos-138201</a></li>
<li class="listasincabecera">Gómez-Jordana Ferary, Sonia (2020), “El poder del refrán ayer y hoy: Cuando las barbas de tu vecino veas pelar, echa las tuyas a remojar”. <em>theconversation</em>, <a href="https://theconversation.com/el-poder-del-refran-ayer-y-hoy-cuando-las-barbas-de-tu-vecino-veas-pelar-141020" target="_blank" rel="noopener">https://theconversation.com/el-poder-del-refran-ayer-y-hoy-cuando-las-barbas-de-tu-vecino-veas-pelar-141020</a>/li&gt;</li>
<li class="listasincabecera">Gómez-Jordana Ferary, Sonia (2021), “Al pan, pan y al vino, vino: ¿qué son las tautologías?”, <a href="https://theconversation.com/al-pan-pan-y-al-vino-vino-que-son-las-tautologias-164457" target="_blank" rel="noopener">https://theconversation.com/al-pan-pan-y-al-vino-vino-que-son-las-tautologias-164457</a>/li&gt;</li>
</ul>
<h2>Projets d’innovation de l’enseignement</h2>
<ul>
<li class="listasincabecera"><strong>2018-19 &#8211;</strong> IP du Projet <em>Silencio se rueda en francés: escenas teatrales del francés medieval al francés del siglo XXI.</em> (Subvention UCM-Proyecto de innovación docente et Ambassade française).<br />
Le résultat peut être visionné ici <a href="https://youtu.be/UInBA7khckc" target="_blank" rel="noopener">https://youtu.be/UInBA7khckc</a>, et les courts-métrages des étudiants (20mn) peuvent être visionnés ici <a href="https://youtu.be/n_sTQkA4elQ" target="_blank" rel="noopener">https://youtu.be/n_sTQkA4elQ</a>.</li>
<li class="listasincabecera"><strong>2011 &#8211;</strong> IP du Projet <em>El francés en 3D: cultura, lengua y escena</em>. <a href="https://www.youtube.com/watch?v=N7XiBexdzM8" target="_blank" rel="noopener">https://www.youtube.com/watch?v=N7XiBexdzM8</a></li>
</ul>
<h2>Publications didactiques</h2>
<ul>
<li class="listasincabecera">Gómez-Jordana Ferary, Sonia <strong>(2015)</strong>, <em>Entre nous</em>. (Manuel de français niveau A1-A2), París-Barcelona, Maison des langues. (Revision de l’ensemble du manuel et élaboration des chapitres 1, 2, 7). ISBN: 978-84-8443-918-9</li>
<li class="listasincabecera">Gómez-Jordana Ferary, Sonia <strong>(2006)</strong>, « Los determinantes en francés: sintaxis y semántica», en Amalia Rodríguez Somolinos (coord.), <em>Lingüística francesa</em>, www.liceus.com (E-Excellence). pp. 1-7. ISBN: &#8211; 84-9822-522-1. <a href="https://www.liceus.com/producto/los-determinantes-en-frances-sintaxis-y-semantica/" target="_blank" rel="noopener">https://www.liceus.com/producto/los-determinantes-en-frances-sintaxis-y-semantica/</a></li>
<li class="listasincabecera">Gómez-Jordana Ferary, Sonia <strong>(2005)</strong>, «Análisis semántico del proverbio: el caso del francés», en Amalia Rodríguez Somolinos (coord.), <em>Lingüística francesa</em>, www.liceus.com (E-Excellence). pp.1-20, ISBN 84-9822-143-9. <a href="https://www.liceus.com/producto/analisis-semantico-proverbio-caso-del-frances/" target="_blank" rel="noopener">https://www.liceus.com/producto/analisis-semantico-proverbio-caso-del-frances/</a></li>
</ul>

<p>Publications de divulgation Gómez-Jordana Ferary, Sonia (2020), “A río revuelto, ganancia de pescadores: refranes, historia y ciclos”, theconversation.com, https://theconversation.com/a-rio-revuelto-ganancia-de-pescadores-refranes-historia-y-ciclos-138201 Gómez-Jordana Ferary, Sonia (2020), “El poder del refrán ayer y hoy: Cuando las barbas de tu vecino veas pelar, echa las tuyas a remojar”. theconversation, https://theconversation.com/el-poder-del-refran-ayer-y-hoy-cuando-las-barbas-de-tu-vecino-veas-pelar-141020/li&gt; Gómez-Jordana Ferary, Sonia (2021), “Al pan, pan y al vino, [&hellip;]</p>
